e
Let z = 94 - 89. Suppose z*k = -4*v + 25393, -3*k - 3*v + 5*v = -15227. Is k prime?
True
Let s(r) = 6*r - 14*r + 6*r + r**2 - 4. Let j be s(3). Is (-449)/j + -13 + 13 prime?
True
Suppose -7 = -6*s + 29. Let a = 3 - s. Let b(l) = -19*l - 4. Is b(a) a prime number?
True
Let p = -2893 - -6098. Is p a composite number?
True
Let z(y) = -2207*y - 289. Is z(-6) prime?
True
Suppose -3*y + 13 + 10 = 2*b, -2*b + 13 = 5*y. Suppose 1 = -5*c - 4, -5*z = c - b. Suppose j + 2877 = z*j. Is j a composite number?
True
Let o be 2/4 - 18/(-12). Suppose -5*v = 4*p - 130, o*p - p + v = 32. Suppose 0 = -3*k - 5*t - 4, -t = 5*k - p. Is k a composite number?
False
Let y(w) be the second derivative of 64*w**3/3 - 5*w**2/2 - 13*w. Is y(3) a prime number?
True
Is ((-92844)/8)/(-9)*(0 - -2) a prime number?
True
Suppose -4*v = 5*v + 6156. Let h = v - -1077. Is h composite?
True
Let s(y) = 42*y**2 + 34*y**2 + 9 + 97*y**2. Is s(4) composite?
False
Let w be -5*8/(-20)*1. Suppose -4 - 4 = -w*p. Suppose -p*s - 190 = -6*s. Is s a prime number?
False
Is 16318 - ((-60)/84 + 8/(-28)) a composite number?
False
Is (-6 + 1)*1 + 1766 prime?
False
Let k(w) = 13*w**2 + 9*w - 55. Is k(6) prime?
True
Let g = -438 + 945. Suppose 6*w = 111 + g. Is w prime?
True
Let q = 1906 - -1311. Is q prime?
True
Let j(l) = 42*l**3 + l**2 + 2*l + 3. Let n(v) = -43*v**3 - v**2 - 3*v - 4. Let t(w) = 4*j(w) + 3*n(w). Is t(1) a composite number?
True
Let k = 2905 + 4162. Is k prime?
False
Let b(l) be the third derivative of 5*l**4/24 - 5*l**3/6 - 4*l**2. Let u be b(6). Let x = -14 + u. Is x a composite number?
False
Let b(s) = s**3 + 22*s**2 - 10*s - 15. Let x be b(-13). Is (-1)/(((-4)/1)/x) a composite number?
False
Suppose -178361 = -5*h - 4*g + 165486, -3*g = h - 68776. Is h a prime number?
True
Let a(p) = 5949*p**2 + 2. Is a(-1) composite?
True
Let s be 1*((-3)/1 - -2). Let r(p) be the third derivative of -27*p**4/4 - p**3/6 + 6*p**2. Is r(s) prime?
False
Let u(n) = 11*n**2 - 2*n + 1. Let l be u(1). Let m(f) = f**3 - 9*f**2 - 9*f + 5. Let a be m(l). Suppose 5*h - 3*p - 142 = -18, -a = 5*p. Is h a prime number?
True
Let f(o) = o**3 - 10*o**2 - 10*o - 6. Let a be f(11). Suppose k = -a, -5*k + 13 = -v + 191. Suppose -48 = 3*w - v. Is w prime?
False
Suppose -3*b + 97954 = 5*z, 3*z = 4*b + 38137 + 20618. Is z a composite number?
True
Suppose -909 = 3*q - 3729. Suppose -3*f - 5*g = -410 - q, 0 = 4*f - 2*g - 1774. Is f a prime number?
False
Let u = 110 + 144. Let k be (u/(-4))/(4/(-16)). Is k + -3 + 3 + -3 prime?
True
Suppose 5*d + 25 - 45 = 0. Let k(h) = h**3 - 3*h**2 - 4*h + 5. Let v be k(4). Suppose 317 = d*f - q - 2*q, -5*f + 390 = -v*q. Is f a composite number?
False
Let u = 6473 - 3864. Is u composite?
False
Suppose -78*x + 70*x = -51752. Is x prime?
True
Suppose 0 = -5*i - 2*a + 24, 13*i - 4*a = 9*i + 8. Let d = -1 + 1. Suppose d = 5*k + y - 717 - 337, -637 = -3*k + i*y. Is k a prime number?
True
Let r(t) = 2*t**2 + 8*t + 9. Let f be r(-10). Suppose 0 = -3*l + 468 + f. Is l a prime number?
True
Let i be (-72)/(-14) - (6/(-7) - -1). Suppose 0 = -i*z - o + 2240, -z + 4*o + 918 = z. Is z a composite number?
False
Let q(u) = 14*u**2 + 2*u + 4. Let i be q(5). Suppose 5*b - i = -2*z + 62, -2*z + 390 = -4*b. Is z prime?
False
Let q(n) = -84*n - 1. Let c be 1 - (3 - (4 + 0)). Let j be c + 4/((-16)/36). Is q(j) composite?
False
Suppose -4*j + 19 = 3*y, 4*y - 5*j - 1 = 14. Suppose o = -2*p + 7, y*p + o + 6 - 28 = 0. Suppose p*z = 1929 - 674. Is z prime?
True
Let t(p) = 6611*p**2 - 7*p - 43. Is t(6) a composite number?
False
Suppose -3*l - 2*l = 0. Suppose 5*c = -13*c + 36. Suppose c*x + 5*u - 77 = 0, l = -x - 4*x - 5*u + 215. Is x a prime number?
False
Suppose 3*f = s - 65, -5*f - 3*s - 15 = 84. Let m = f + 3. Is (636/m)/((-2)/3) composite?
False
Let x = 1207 + 52. Is x composite?
False
Let d = -68 - -67. Is (-4810)/(-13) - (d - 0) a composite number?
True
Let y = 15591 - 6800. Is y composite?
True
Let f(p) = 3*p + 7. Let d be f(5). Let o = -174 + 183. Suppose j = 4*y - 2 + o, j = -y + d. Is j a prime number?
True
Suppose -10*b = -6*b. Suppose b = -4*y + 3638 - 22. Is y/10 + 21/35 prime?
False
Let o(m) = 77*m + 26. Is o(9) a composite number?
False
Let d(l) = -8*l + 2. Let w be d(-9). Suppose w - 15 = n. Is n prime?
True
Is ((-1723)/(-3))/(8/72) a composite number?
True
Let m = 70 - -24. Is m a composite number?
True
Suppose 4 = 3*m - 8. Suppose -m*l - 25 = 7. Let k(y) = -17*y + 13. Is k(l) composite?
False
Let w(z) = -6*z - 8. Let a be (7/2)/((-2)/(-4)). Let s(b) = 13*b + 17. Let k(g) = a*w(g) + 3*s(g). Is k(-12) composite?
False
Let x be 202/22 - 6/33. Let g(n) = 4 + x - n**2 - n**3 - 12. Is g(-7) a composite number?
True
Suppose -m + 2*m = 2598. Suppose -5*f + m = 308. Suppose 5*i = -3*l + f, i - 2*l - 290 = -2*i. Is i a composite number?
True
Let h(p) = -p**2 + 5*p - 2. Suppose y + 0*y - 3 = 0. Let o be h(y). Suppose 0 = 3*l - o*l + 31. Is l prime?
True
Let z be (-5)/((-15)/18*2). Suppose -k + u = -6200, 0 = -u - 0 - z. Is k a composite number?
False
Let w(k) = 36*k**2 - 303*k + 14. Is w(-37) a prime number?
True
Let w(f) = f**3 + 21*f**2 + 15*f + 21. Let z be 3 - 7 - (-30 - -4). Let c = z - 38. Is w(c) composite?
False
Suppose -80*t + 209118 = -2962. Is t composite?
True
Let q be (-4)/(0 + -2)*15/10. Suppose -3*t + 431 = 4*k, 97 = -q*t - 3*k + 529. Is t composite?
True
Is 3*-1 + 15/(90/67224) composite?
True
Suppose -3*s + 27 = 3*v, 5*v = 3*s + 13 + 8. Let f(o) = 6*o**3 + 8*o**2 - 1. Is f(v) a prime number?
True
Let q = 5276 + -1341. Is q composite?
True
Let l(g) = -5*g - 14. Let z(a) = 5*a + 1 - 10*a - 14. Let n(h) = -4*l(h) + 5*z(h). Is n(-6) a composite number?
True
Suppose 3*k = -7 - 2, 5*f + 5*k - 14410 = 0. Is f a composite number?
True
Suppose 4*b = 3*w - 7*w + 4, 0 = 3*b + 2*w - 4. Suppose 6*i - i = 10, 15760 = 4*v - b*i. Is v a composite number?
True
Let w be (-14)/((16/(-3340))/(4/10)). Let i = w + -604. Is i composite?
True
Let i(h) = -2*h + 19. Let p be i(8). Suppose -p*x + 2*x + 180 = 0. Suppose -3*z = -153 - x. Is z a composite number?
True
Let k(i) = -i**2 - 15*i + 6. Suppose -2*a = 5*x + 45, 2*a + 4*x + 43 - 1 = 0. Is k(a) a composite number?
True
Let z(k) = -7615*k - 6. Is z(-1) prime?
False
Suppose 88318 = 5*x - h, 5*x - 16*h = -13*h + 88324. Is x a prime number?
False
Let o(j) be the first derivative of -j**3/3 - 6*j**2 - 8*j - 6. Let x be o(-11). Suppose 0 = -t - y + 174, 232 = x*t - 2*y - 315. Is t prime?
True
Let c = 6771 + 4532. Is c a prime number?
False
Suppose -16*g - 13*g = -71833. Is g prime?
True
Let v be 85/(-20) + 2/8. Let z = v - -9. Suppose 3*o = 4*y - 1928, z*y = 2*y + 2*o + 1445. Is y a composite number?
False
Suppose -3*u = 2*y - 23, 0*y - 4*u = -2*y - 12. Suppose 5*f + 5*k = y*k + 4150, k + 5 = 0. Is f a composite number?
True
Let f(z) be the first derivative of z**3 + 18*z**2 - 31*z + 43. Is f(-26) prime?
True
Let t(k) = 11*k**3 + k**2 + 4*k + 1. Let g be t(-3). Is ((-15)/3 + 4)*g composite?
True
Suppose -15*y + 18*y - 2*d - 6523 = 0, 4*y + d - 8679 = 0. Is y prime?
False
Is 11/((-55)/7710)*5/(-30) composite?
False
Suppose 30*m - 1156605 - 1671225 = 0. Is m composite?
False
Suppose -12 = 10*n - 8*n. Let u(l) = l + 8. Let b be u(n). Is b/(4*1/518) composite?
True
Is 8/(32/(-508))*(-22)/2 a prime number?
False
Let n be (-5)/(5 + -10) - 4*-1468. Suppose -3*i + 8286 = 5*y, -2*i + 4*y + n - 327 = 0. Is i a composite number?
False
Let f(q) = -q**2 - 2*q + 5. Let b be f(0). Let c = b + -3. Is (-34748)/(-36) - c/9 a prime number?
False
Is ((-1)/(-2))/(62/2941652) composite?
True
Suppose 723*i - 732*i = -159453. Is i prime?
False
Suppose -10*m = 6*m - 37328. Is m prime?
True
Let w(f) = 67*f**3 + 2*f**2 + 6*f - 5. Is w(4) prime?
True
Suppose -3*s + 18745 = a, 21*s - 19*s + 3*a - 12506 = 0. Is s prime?
True
Suppose 25*x + 55685 = 787110. Is x a composite number?
True
Let u(p) = 6*p**2 + 4*p - 3. Let a(i) = i**3 - 19*i**2 + 19*i - 10. Let k be a(18). Is u(k) prime?
False
Suppose -2*h - k = 10, 4*k - 2*k = -5*h - 27. Is h/14*8716/(4/(-2)) a composite number?
False
Suppose -2*d - 10 = 4*o, 2*o - 5 = -0*d + d. Suppose o = -8*y + 4*y + 1516. Is y prime?
True
Is (-177)/885 + (1 - 183681/(-5)) a prime number?
False
Let x be (5 - 3 - 1) + -9. Let a = x - -11. Suppose -4*z = 4*l - 796,